{"id":56,"date":"2020-05-03T03:04:18","date_gmt":"2020-05-03T01:04:18","guid":{"rendered":"http:\/\/ecoleduvillage-erezee.be\/?page_id=56"},"modified":"2025-02-17T14:14:20","modified_gmt":"2025-02-17T13:14:20","slug":"seconde-langue","status":"publish","type":"page","link":"https:\/\/ecoleduvillage-erezee.be\/index.php\/seconde-langue\/","title":{"rendered":"Seconde langue"},"content":{"rendered":"<p style=\"text-align: center;\"><span style=\"font-size: 14pt; color: #00ccff;\"><strong>Le cours de n\u00e9erlandais avec Madame Nadine<br \/>\n<\/strong><\/span><\/p>\n<p>Apprendre le n\u00e9erlandais, c&#8217;est d\u00e9couvrir et assimiler une autre langue pour vos enfants.<\/p>\n<p>Pour les \u00e9l\u00e8ves de 3\u00e8me, 4\u00e8me, 5\u00e8me et 6\u00e8me primaire, 2 heures par semaine c\u2019est peu et donc je privil\u00e9gie les comp\u00e9tences PARLER ET ECOUTER qui sont pour moi essentielles pour COMMUNIQUER.<\/p>\n<p>Apprendre en s\u2019amusant est tellement plus motivant pour les enfants\u2026 ils jouent donc souvent afin de m\u00e9moriser la mati\u00e8re, d\u2019am\u00e9liorer leur prononciation et d\u2019 aborder la construction d\u2019 une phrase (sans s\u2019en rendre compte et en n\u2019 ayant pas l\u2019 impression de travailler !)<\/p>\n<p>Les apprentissages respectent bien s\u00fbr le programme \u00e9labor\u00e9 pour les langues modernes en 3\u00e8me, 4\u00e8me,\u00a0 5\u00e8me et 6\u00e8me primaire.\u00a0 L\u2019 orthographe ne peut \u00eatre \u00e9valu\u00e9e en primaire ; n\u00e9anmoins celle-ci est travaill\u00e9e (afin de pr\u00e9parer vos enfants au mieux pour le secondaire) via des mots crois\u00e9s, la recherche de mots au dictionnaire, le jeu du pendu, des mots cach\u00e9s, \u2026.<\/p>\n<p>En conclusion, je terminerais en disant que \u00ab\u00a0Nederlands is tof\u00a0!\u00a0\u00bb<\/p>\n","protected":false},"excerpt":{"rendered":"<p>Le cours de n\u00e9erlandais avec Madame Nadine Apprendre le n\u00e9erlandais, c&#8217;est d\u00e9couvrir et assimiler une autre langue pour vos enfants. Pour les \u00e9l\u00e8ves de 3\u00e8me, 4\u00e8me, 5\u00e8me et 6\u00e8me primaire, 2 heures par semaine c\u2019est peu et donc je privil\u00e9gie les comp\u00e9tences PARLER ET ECOUTER qui sont pour moi essentielles pour COMMUNIQUER. Apprendre en s\u2019amusant &hellip; <\/p>\n<p><a class=\"more-link btn\" href=\"https:\/\/ecoleduvillage-erezee.be\/index.php\/seconde-langue\/\">Continue reading<\/a><\/p>\n","protected":false},"author":1,"featured_media":0,"parent":0,"menu_order":0,"comment_status":"closed","ping_status":"closed","template":"","meta":[],"_links":{"self":[{"href":"https:\/\/ecoleduvillage-erezee.be\/index.php\/wp-json\/wp\/v2\/pages\/56"}],"collection":[{"href":"https:\/\/ecoleduvillage-erezee.be\/index.php\/wp-json\/wp\/v2\/pages"}],"about":[{"href":"https:\/\/ecoleduvillage-erezee.be\/index.php\/wp-json\/wp\/v2\/types\/page"}],"author":[{"embeddable":true,"href":"https:\/\/ecoleduvillage-erezee.be\/index.php\/wp-json\/wp\/v2\/users\/1"}],"replies":[{"embeddable":true,"href":"https:\/\/ecoleduvillage-erezee.be\/index.php\/wp-json\/wp\/v2\/comments?post=56"}],"version-history":[{"count":7,"href":"https:\/\/ecoleduvillage-erezee.be\/index.php\/wp-json\/wp\/v2\/pages\/56\/revisions"}],"predecessor-version":[{"id":1087,"href":"https:\/\/ecoleduvillage-erezee.be\/index.php\/wp-json\/wp\/v2\/pages\/56\/revisions\/1087"}],"wp:attachment":[{"href":"https:\/\/ecoleduvillage-erezee.be\/index.php\/wp-json\/wp\/v2\/media?parent=56"}],"curies":[{"name":"wp","href":"https:\/\/api.w.org\/{rel}","templated":true}]}}